s of 576?
2, 3
List the prime factors of 7800.
2, 3, 5, 13
List the prime factors of 57672.
2, 3, 89
What are the prime factors of 3680?
2, 5, 23
List the prime factors of 2687.
2687
List the prime factors of 1067.
11, 97
List the prime factors of 4688.
2, 293
What are the prime factors of 4149?
3, 461
List the prime factors of 228.
2, 3, 19
List the prime factors of 6787.
11, 617
List the prime factors of 263.
263
List the prime factors of 1725.
3, 5, 23
List the prime factors of 693.
3, 7, 11
List the prime factors of 1080.
2, 3, 5
What are the prime factors of 33633?
3, 37, 101
What are the prime factors of 929?
929
List the prime factors of 4162.
2, 2081
List the prime factors of 62559.
3, 7, 331
List the prime factors of 9136.
2, 571
What are the prime factors of 3905?
5, 11, 71
List the prime factors of 20658.
2, 3, 11, 313
What are the prime factors of 12359?
17, 727
List the prime factors of 5824.
2, 7, 13
List the prime factors of 7498.
2, 23, 163
List the prime factors of 15448.
2, 1931
List the prime factors of 2272.
2, 71
What are the prime factors of 36535?
5, 7307
What are the prime factors of 26688?
2, 3, 139
List the prime factors of 15929.
17, 937
What are the prime factors of 1811?
1811
What are the prime factors of 2041?
13, 157
What are the prime factors of 70246?
2, 11, 31, 103
What are the prime factors of 145?
5, 29
What are the prime factors of 753?
3, 251
List the prime factors of 25162.
2, 23, 547
What are the prime factors of 3093?
3, 1031
What are the prime factors of 370?
2, 5, 37
List the prime factors of 22485.
3, 5, 1499
List the prime factors of 17471.
17471
What are the prime factors of 4642?
2, 11, 211
What are the prime factors of 2140?
2, 5, 107
What are the prime factors of 6796?
2, 1699
What are the prime factors of 20900?
2, 5, 11, 19
What are the prime factors of 1794?
2, 3, 13, 23
What are the prime factors of 456?
2, 3, 19
What are the prime factors of 23884?
2, 7, 853
List the prime factors of 5697.
3, 211
List the prime factors of 824.
2, 103
List the prime factors of 10784.
2, 337
What are the prime factors of 87781?
41, 2141
List the prime factors of 4910.
2, 5, 491
What are the prime factors of 12?
2, 3
List the prime factors of 135.
3, 5
List the prime factors of 932.
2, 233
List the prime factors of 2281.
2281
List the prime factors of 9297.
3, 1033
List the prime factors of 1752.
2, 3, 73
What are the prime factors of 1738?
2, 11, 79
List the prime factors of 1755.
3, 5, 13
List the prime factors of 1043.
7, 149
List the prime factors of 3418.
2, 1709
What are the prime factors of 711?
3, 79
What are the prime factors of 1977?
3, 659
List the prime factors of 23195.
5, 4639
What are the prime factors of 3605?
5, 7, 103
What are the prime factors of 19278?
2, 3, 7, 17
What are the prime factors of 1315?
5, 263
What are the prime factors of 1568?
2, 7
List the prime factors of 30976.
2, 11
What are the prime factors of 137557?
7, 43, 457
What are the prime factors of 4931?
4931
What are the prime factors of 25300?
2, 5, 11, 23
List the prime factors of 7240.
2, 5, 181
What are the prime factors of 847?
7, 11
What are the prime factors of 1136?
2, 71
What are the prime factors of 1324?
2, 331
What are the prime factors of 1120?
2, 5, 7
What are the prime factors of 492?
2, 3, 41
List the prime factors of 1408.
2, 11
What are the prime factors of 648?
2, 3
What are the prime factors of 10023?
3, 13, 257
What are the prime factors of 26702?
2, 13, 79
What are the prime factors of 118898?
2, 13, 17, 269
What are the prime factors of 6187?
23, 269
What are the prime factors of 445?
5, 89
What are the prime factors of 3782?
2, 31, 61
List the prime factors of 636.
2, 3, 53
List the prime factors of 6800.
2, 5, 17
What are the prime factors of 75858?
2, 3, 47, 269
List the prime factors of 173076.
2, 3, 14423
List the prime factors of 4104.
2, 3, 19
What are the prime factors of 87937?
47, 1871
List the prime factors of 120175.
5, 11, 19, 23
List the prime factors of 604.
2, 151
List the prime factors of 2271.
3, 757
What are the prime factors of 7071?
3, 2357
List the prime factors of 9072.
2, 3, 7
List the prime factors of 48187.
48187
List the prime factors of 94294.
2, 47147
List the prime factors of 1417.
13, 109
List the prime factors of 1675.
5, 67
What are the prime factors of 283?
283
What are the prime factors of 1265?
5, 11, 23
What are the prime factors of 4949?
7, 101
List the prime factors of 777.
3, 7, 37
What are the prime factors of 51888?
2, 3, 23, 47
What are the prime factors of 119187?
3, 17, 19, 41
What are the prime factors of 149073?
3, 17, 37, 79
List the prime factors of 911.
911
List the prime factors of 290.
2, 5, 29
What are the prime factors of 1433?
1433
What are the prime factors of 6752?
2, 211
What are the prime factors of 193338?
2, 3, 23, 467
List the prime factors of 20230.
2, 5, 7, 17
What are the prime factors of 13213?
73, 181
List the prime factors of 12607.
7, 1801
List the prime factors of 537.
3, 179
List the prime factors of 163948.
2, 17, 2411
List the prime factors of 23212.
2, 7, 829
What are the prime factors of 1498?
2, 7, 107
List the prime factors of 3193.
31, 103
What are the prime factors of 3602?
2, 1801
What are the prime factors of 2099?
2099
What are the prime factors of 100?
2, 5
List the prime factors of 5023.
5023
What are the prime factors of 28051?
28051
List the prime factors of 52182.
2, 3, 13, 223
What are the prime factors of 12733?
7, 17, 107
What are the prime factors of 1990?
2, 5, 199
What are the prime factors of 25005?
3, 5, 1667
What are the prime factors of 2618?
2, 7, 11, 17
What are the prime factors of 3276?
2, 3, 7, 13
List the prime factors of 33962.
2, 16981
What are the prime factors of 47684?
2, 7, 13, 131
What are the prime factors of 73855?
5, 14771
List the prime factors of 2516.
2, 17, 37
What are the prime factors of 1120?
2, 5, 7
What are the prime factors of 6511?
17, 383
What are the prime factors of 1926?
2, 3, 107
What are the prime factors of 56355?
3, 5, 13, 17
List the prime factors of 2055.
3, 5, 137
List the prime factors of 3596.
2, 29, 31
What are the prime factors of 37019?
37019
List the prime factors of 7339.
41, 179
What are the prime factors of 359?
359
List the prime factors of 12501.
3, 463
List the prime factors of 701.
701
What are the prime factors of 1296?
2, 3
List the prime factors of 721.
7, 103
List the prime factors of 1033.
1033
List the prime factors of 171350.
2, 5, 23, 149
List the prime factors of 7555.
5, 1511
What are the prime factors of 177743?
177743
List the prime factors of 1725.
3, 5, 23
List the prime factors of 3014.
2, 11, 137
List the prime factors of 19999.
7, 2857
What are the prime factors of 67?
67
List the prime factors of 1616.
2, 101
What are the prime factors of 614?
2, 307
List the prime factors of 474.
2, 3, 79
List the prime factors of 4932.
2, 3, 137
List the prime factors of 547.
547
What are the prime factors of 38968?
2, 4871
List the prime factors of 4812.
2, 3, 401
List the prime factors of 3769.
3769
What are the prime factors of 8661?
3, 2887
List the prime factors of 2115.
3, 5, 47
List the prime factors of 31924.
2, 23, 347
List the prime factors of 2824.
2, 353
List the prime factors of 10150.
2, 5, 7, 29
List the prime factors of 3258.
2, 3, 181
What are the prime factors of 9424?
2, 19, 31
What are the prime factors of 1962?
2, 3, 109
What are the prime factors of 917?
7, 131
List the prime factors of 4243.
4243
List the prime factors of 2433.
3, 811
List the prime factors of 7799.
11, 709
What are the prime factors of 10056?
2, 3, 419
List the prime factors of 14793.
3, 4931
List the prime factors of 941.
941
List the prime factors of 773.
773
What are the prime factors of 919?
919
List the prime factors of 628.
2, 157
List the prime factors of 1052.
2, 263
List the prime factors of 275.
5, 11
List the prime factors of 9105.
3, 5, 607
What are the prime factors of 161686?
2, 7, 11549
List the prime factors of 244.
2, 61
List the prime factors of 11139.
3, 47, 79
What are the prime factors of 1021?
1021
List the prime factors of 16335.
3, 5, 11
List the prime factors of 1428.
2, 3, 7, 17
What are the prime factors of 100181?
17, 71, 83
What ar